20.
10
Calculate the remainder when 338969 is divided by 1605.
314
Calculate the remainder when 6176295 is divided by 1235249.
50
Calculate the remainder when 28924961 is divided by 2643.
2612
What is the remainder when 86782 is divided by 638?
14
What is the remainder when 297084 is divided by 148510?
64
What is the remainder when 9001324 is divided by 38?
36
Calculate the remainder when 77679 is divided by 19095.
1299
What is the remainder when 2400378 is divided by 24493?
64
What is the remainder when 651100 is divided by 86?
80
What is the remainder when 81438516 is divided by 351028?
20
Calculate the remainder when 49202382 is divided by 713078.
0
What is the remainder when 422297 is divided by 327?
140
Calculate the remainder when 1817076 is divided by 514.
86
Calculate the remainder when 307078 is divided by 8530.
8528
What is the remainder when 11182876 is divided by 27409?
4
Calculate the remainder when 743474 is divided by 737.
578
Calculate the remainder when 5761568 is divided by 759.
758
Calculate the remainder when 131093 is divided by 297.
116
Calculate the remainder when 375176 is divided by 2779.
11
Calculate the remainder when 609545 is divided by 33862.
29
What is the remainder when 112825462 is divided by 1853?
1851
Calculate the remainder when 3186496 is divided by 1307.
30
What is the remainder when 130516 is divided by 4820?
376
What is the remainder when 1407055 is divided by 2349?
4
Calculate the remainder when 4993212 is divided by 189.
21
Calculate the remainder when 2799467 is divided by 126.
125
Calculate the remainder when 514214000 is divided by 3895.
3890
What is the remainder when 423750 is divided by 44?
30
What is the remainder when 572467 is divided by 36?
31
Calculate the remainder when 946074 is divided by 2621.
2514
Calculate the remainder when 35754 is divided by 35111.
643
Calculate the remainder when 2972132 is divided by 165118.
8
Calculate the remainder when 6067095 is divided by 104605.
5
Calculate the remainder when 8443001 is divided by 131.
51
What is the remainder when 21706457 is divided by 554?
183
Calculate the remainder when 631127 is divided by 56.
7
Calculate the remainder when 5720239 is divided by 2917.
2
What is the remainder when 489349709 is divided by 551?
548
What is the remainder when 37531 is divided by 9343?
159
What is the remainder when 2775873 is divided by 646?
11
Calculate the remainder when 11038750 is divided by 24.
22
What is the remainder when 264615 is divided by 1634?
1541
Calculate the remainder when 76700 is divided by 2119.
416
What is the remainder when 7267783 is divided by 151?
2
Calculate the remainder when 2070442 is divided by 49.
45
What is the remainder when 2579567 is divided by 246?
11
What is the remainder when 8179439 is divided by 50?
39
Calculate the remainder when 21705773 is divided by 1175.
1173
Calculate the remainder when 72767 is divided by 1119.
32
What is the remainder when 6897857 is divided by 15606?
5
What is the remainder when 793072 is divided by 396493?
86
What is the remainder when 95757239 is divided by 251?
237
What is the remainder when 13188 is divided by 2203?
2173
Calculate the remainder when 91126 is divided by 1360.
6
What is the remainder when 40883863 is divided by 90451?
11
Calculate the remainder when 73943 is divided by 23773.
2624
Calculate the remainder when 835750980 is divided by 417.
414
What is the remainder when 850551 is divided by 401?
30
Calculate the remainder when 1268595 is divided by 634171.
253
Calculate the remainder when 390326 is divided by 128651.
4373
What is the remainder when 742522 is divided by 57114?
40
What is the remainder when 17534017 is divided by 674385?
7
What is the remainder when 127396 is divided by 12738?
16
Calculate the remainder when 230268417 is divided by 20.
17
What is the remainder when 933911 is divided by 11114?
335
What is the remainder when 576444 is divided by 675?
669
Calculate the remainder when 13841079 is divided by 3460268.
7
What is the remainder when 9013540 is divided by 153?
4
Calculate the remainder when 317849 is divided by 63440.
649
Calculate the remainder when 132356894 is divided by 106.
100
Calculate the remainder when 1200187 is divided by 28.
23
Calculate the remainder when 3207072 is divided by 2415.
2367
Calculate the remainder when 488683 is divided by 3942.
3817
Calculate the remainder when 5824 is divided by 623.
217
Calculate the remainder when 867688 is divided by 289227.
7
What is the remainder when 102431 is divided by 923?
901
What is the remainder when 35037424 is divided by 85?
84
Calculate the remainder when 693438 is divided by 19262.
6
Calculate the remainder when 48970042 is divided by 1925.
1892
Calculate the remainder when 1308907 is divided by 436296.
19
What is the remainder when 5980908 is divided by 130?
128
Calculate the remainder when 9389969 is divided by 274.
263
What is the remainder when 55484290 is divided by 12?
10
Calculate the remainder when 5937230 is divided by 31.
17
What is the remainder when 3672236 is divided by 1380?
56
Calculate the remainder when 45264 is divided by 1054.
996
What is the remainder when 613693 is divided by 390?
223
What is the remainder when 38678543 is divided by 31?
29
Calculate the remainder when 950230 is divided by 144.
118
What is the remainder when 33393130 is divided by 19960?
50
Calculate the remainder when 115628 is divided by 556.
536
Calculate the remainder when 727305 is divided by 663.
657
What is the remainder when 1801176 is divided by 900581?
14
Calculate the remainder when 65633 is divided by 1846.
1023
What is the remainder when 12539483 is divided by 6269731?
21
What is the remainder when 250796975 is divided by 1217461?
9
What is the remainder when 49093539 is divided by 433?
432
Calculate the remainder when 50777 is divided by 542.
371
What is the remainder when 7601 is divided by 2403?
392
Calculate the remainder when 3178703 is divided by 4261.
4258
What is the remainder when 98772671 is divided by 96?
95
Calculate the remainder when 43057113 is divided by 9.
6
Calculate the remainder when 820993 is divided by 113.
48
What is the remainder when 857844 is divided by 857820?
24
Calculate the remainder when 18507051 is divided by 824.
11
What is the remainder when 1208295 is divided by 30200?
295
What is the remainder when 10684614 is divided by 29?
28
What is the remainder when 504683 is divided by 91?
88
What is the remainder when 17974681 is divided by 1262?
15
What is the remainder when 1139862 is divided by 24779?
28
Calculate the remainder when 121531702 is divided by 40510566.
4
Calculate the remainder when 23175197 is divided by 556.
5
Calculate the remainder when 87447 is divided by 671.
217
What is the remainder when 108500 is divided by 14413?
7609
Calculate the remainder when 2256369 is divided by 1081.
322
Calculate the remainder when 5910066 is divided by 1477497.
78
Calculate the remainder when 3591149 is divided by 187.
1
Calculate the remainder when 41371 is divided by 3746.
165
Calculate the remainder when 238583150 is divided by 4456.
4454
What is the remainder when 84619 is divided by 7577?
1272
Calculate the remainder when 12437423 is divided by 64.
47
What is the remainder when 2162600 is divided by 2162591?
9
What is the remainder when 63541897 is divided by 278?
271
Calculate the remainder when 13439225 is divided by 1842.
1835
Calculate the remainder when 3295788 is divided by 916.
20
Calculate the remainder when 4427 is divided by 2285.
2142
What is the remainder when 80361 is divided by 26489?
894
Calculate the remainder when 410434 is divided by 1346.
1250
Calculate the remainder when 18811 is divided by 14917.
3894
What is the remainder when 516191 is divided by 9557?
113
What is the remainder when 73677 is divided by 298?
71
Calculate the remainder when 452708 is divided by 149486.
4250
Calculate the remainder when 55861826 is divided by 34.
30
Calculate the remainder when 35381 is divided by 4529.
3678
What is the remainder when 3438558 is divided by 13?
6
What is the remainder when 27350 is divided by 3366?
422
Calculate the remainder when 19135242 is divided by 29667.
27
Calculate the remainder when 2719926 is divided by 186.
48
Calculate the re